n 53187 is divided by 1516.
127
What is the remainder when 42137741 is divided by 186?
185
What is the remainder when 9137894 is divided by 340?
54
Calculate the remainder when 1637543 is divided by 1757.
19
Calculate the remainder when 262167 is divided by 214.
17
What is the remainder when 1200201 is divided by 399656?
1233
What is the remainder when 32066 is divided by 386?
28
What is the remainder when 188416739 is divided by 4444?
27
What is the remainder when 165165 is divided by 41000?
1165
What is the remainder when 120389603 is divided by 13376621?
14
What is the remainder when 18127435 is divided by 51?
46
Calculate the remainder when 6513409 is divided by 68.
29
Calculate the remainder when 14406964 is divided by 256.
52
Calculate the remainder when 541045 is divided by 25.
20
What is the remainder when 24165757 is divided by 6049?
2
Calculate the remainder when 1468984 is divided by 489254.
1222
Calculate the remainder when 222529 is divided by 73233.
2830
Calculate the remainder when 76426 is divided by 19092.
58
What is the remainder when 217602 is divided by 4236?
1566
What is the remainder when 2102735 is divided by 568?
567
Calculate the remainder when 15959 is divided by 9530.
6429
What is the remainder when 161299938 is divided by 161299928?
10
Calculate the remainder when 980714 is divided by 25136.
410
What is the remainder when 2845334 is divided by 872?
870
What is the remainder when 884782129 is divided by 2132?
2129
What is the remainder when 7477 is divided by 3568?
341
What is the remainder when 11251321 is divided by 5625646?
29
Calculate the remainder when 10413319 is divided by 131.
129
What is the remainder when 248282 is divided by 109?
89
Calculate the remainder when 466088075 is divided by 7553.
7551
Calculate the remainder when 19483483 is divided by 19483477.
6
Calculate the remainder when 7610295 is divided by 31.
12
Calculate the remainder when 23622658 is divided by 45.
43
What is the remainder when 31096 is divided by 2390?
26
What is the remainder when 138807 is divided by 374?
53
Calculate the remainder when 330514 is divided by 100.
14
Calculate the remainder when 9398248 is divided by 1044249.
7
What is the remainder when 1529639 is divided by 518?
503
What is the remainder when 1189084 is divided by 1265?
1249
Calculate the remainder when 5486 is divided by 5052.
434
Calculate the remainder when 145441 is divided by 1479.
499
What is the remainder when 10269383 is divided by 1137?
1136
What is the remainder when 1664429 is divided by 183?
44
Calculate the remainder when 3479668 is divided by 133833.
10
What is the remainder when 238277 is divided by 78?
65
Calculate the remainder when 283290 is divided by 297.
249
What is the remainder when 36410 is divided by 777?
668
Calculate the remainder when 717052 is divided by 119496.
76
Calculate the remainder when 83326819 is divided by 813.
10
What is the remainder when 887225 is divided by 443591?
43
What is the remainder when 335471 is divided by 6467?
5654
Calculate the remainder when 361782 is divided by 454.
398
What is the remainder when 800012 is divided by 58?
18
What is the remainder when 241702 is divided by 5386?
4718
What is the remainder when 1085781 is divided by 61?
42
Calculate the remainder when 30977328 is divided by 4.
0
What is the remainder when 842284986 is divided by 43?
40
What is the remainder when 4411418 is divided by 18?
14
What is the remainder when 39706026 is divided by 11593?
1
What is the remainder when 1079198 is divided by 2466?
1556
What is the remainder when 237605 is divided by 4003?
1428
What is the remainder when 391529 is divided by 78304?
9
Calculate the remainder when 3999545 is divided by 66659.
5
Calculate the remainder when 1341135 is divided by 973.
341
What is the remainder when 131499778 is divided by 1263?
7
What is the remainder when 3238 is divided by 2244?
994
What is the remainder when 26148 is divided by 2571?
438
What is the remainder when 1357107 is divided by 982?
965
Calculate the remainder when 195742 is divided by 13633.
4880
Calculate the remainder when 2247238 is divided by 61.
59
What is the remainder when 547649 is divided by 273824?
1
What is the remainder when 29496 is divided by 16633?
12863
Calculate the remainder when 12275552 is divided by 17073.
65
What is the remainder when 31483089 is divided by 27?
9
Calculate the remainder when 68194 is divided by 9737.
35
What is the remainder when 517627 is divided by 517603?
24
Calculate the remainder when 3648871 is divided by 165857.
17
What is the remainder when 12362 is divided by 785?
587
Calculate the remainder when 2533464 is divided by 6239.
430
What is the remainder when 96452609 is divided by 415744?
1
Calculate the remainder when 205551 is divided by 33914.
2067
What is the remainder when 58501 is divided by 6428?
649
What is the remainder when 1736475 is divided by 72352?
27
What is the remainder when 342355 is divided by 339?
304
Calculate the remainder when 1436510 is divided by 359106.
86
Calculate the remainder when 49934655 is divided by 8.
7
Calculate the remainder when 664731 is divided by 221572.
15
Calculate the remainder when 44817974 is divided by 3383.
3373
What is the remainder when 251513 is divided by 20693?
3197
Calculate the remainder when 1732422 is divided by 35355.
27
Calculate the remainder when 6910006 is divided by 691000.
6
What is the remainder when 111095 is divided by 780?
335
What is the remainder when 56240567 is divided by 943?
47
Calculate the remainder when 6177 is divided by 1668.
1173
What is the remainder when 438180 is divided by 218671?
838
Calculate the remainder when 458444 is divided by 195.
194
What is the remainder when 1447068841 is divided by 1779?
1777
Calculate the remainder when 25660214 is divided by 334.
330
What is the remainder when 10943981 is divided by 150?
131
Calculate the remainder when 6929 is divided by 712.
521
What is the remainder when 43278 is divided by 2878?
108
Calculate the remainder when 1895883 is divided by 394.
349
What is the remainder when 5074557 is divided by 325?
7
Calculate the remainder when 8183940 is divided by 2671.
2667
Calculate the remainder when 1585837185 is divided by 1108.
1105
Calculate the remainder when 735691 is divided by 933.
487
What is the remainder when 14937028 is divided by 14?
8
Calculate the remainder when 5659157 is divided by 5659141.
16
What is the remainder when 543539 is divided by 1210?
249
What is the remainder when 28200631 is divided by 4700099?
37
What is the remainder when 1070934 is divided by 2910?
54
Calculate the remainder when 19483024 is divided by 405894.
112
Calculate the remainder when 152141 is divided by 103.
10
What is the remainder when 11363398 is divided by 1429?
1419
What is the remainder when 2209 is divided by 549?
13
What is the remainder when 384295 is divided by 2805?
10
What is the remainder when 1204746 is divided by 3460?
666
What is the remainder when 231103 is divided by 2199?
208
Calculate the remainder when 46244 is divided by 2543.
470
Calculate the remainder when 2062657 is divided by 245.
2
What is the remainder when 129027 is divided by 24577?
6142
What is the remainder when 37729425 is divided by 1886471?
5
Calculate the remainder when 1238185 is divided by 88439.
39
What is the remainder when 733000 is divided by 344?
280
What is the remainder when 214331 is divided by 1246?
19
Calculate the remainder when 229887 is divided by 19147.
123
What is the remainder when 5506283 is divided by 6125?
6033
Calculate the remainder when 167744488 is divided by 30.
28
What is the remainder when 390668 is divided by 55711?
691
Calculate the remainder when 46932 is divided by 44286.
2646
Calculate the remainder when 577467 is divided by 1617.
198
What is the remainder when 140567 is divided by 61?
23
Calculate the remainder when 69409 is divided by 23007.
388
Calculate the remainder when 1587807 is divided by 7.
4
What is the remainder when 775393 is divided by 230?
63
What is the remainder when 1027797 is divided by 177?
135
What is the remainder when 2494460 is divided by 4797?
20
Calculate the remainder when 68791 is divided by 13732.
131
What is the remainder when 798935 is divided by 1314?
23
W